*x - 974. Let t be z(16). Let q = -9 - -15. What is the highest common factor of q and t?
2
Let l be 253/2*(8 - 4). Let s(y) = -15*y - 8. Let x be s(-2). Calculate the greatest common factor of x and l.
22
Suppose -4*a - 5*z + 41 = 0, 5 + 21 = 4*a + 2*z. Calculate the highest common divisor of a and 1532.
4
Let d be (-8 + (-104)/24*-33)/(9/294). Calculate the greatest common factor of 70 and d.
70
Suppose 4*g = z - 1227, 0 = 5*z - 3*g - 7100 + 914. Let v = z - 1140. Let x be (3/2)/((-2)/(-12)). Calculate the greatest common divisor of x and v.
9
Suppose p + 3*p + 796 = 0. Let t = -179 - p. Suppose -4*v = 5*l - 880, 2*v - 3*l - 395 = 45. What is the highest common divisor of t and v?
20
Suppose -314*h = -59*h - 1114605. Calculate the highest common factor of h and 705.
141
Let a = -62 + 129. Suppose a*v - 880 = 63*v. Calculate the greatest common factor of 20 and v.
20
Let z = -735 - -738. Suppose -v = z*t - 493, -4*t - 1492 = -41*v + 38*v. Calculate the highest common factor of v and 16.
16
Suppose 0 = h + 677 - 8075. What is the greatest common factor of 54 and h?
54
Suppose 0 = 59*j - 2719 - 8078 - 6195. Calculate the highest common factor of j and 416.
32
Let q be (-156)/104*644/(-69). Suppose 0 = 2*n - 81 - 815. Calculate the highest common divisor of n and q.
14
Suppose -5*h - 61 + 14 = -z, 2*z + 5*h - 169 = 0. Suppose 19*r - 22*r + z = 0. Let o be 1422/r - (-3)/4. What is the highest common factor of 45 and o?
15
Let y = 218 - 169. Suppose 4*m - u = 68, 5*m - 3*u - 43 = y. What is the highest common divisor of 272 and m?
16
Let d = -172 + 68. Let h = d + 311. Calculate the highest common divisor of h and 46.
23
Let k = 18539 + -18447. What is the highest common factor of k and 32?
4
Let f(j) = -j**3 + 12*j**2 - 10*j - 1. Suppose 4*l - 46 + 2 = 0. Let d be f(l). Let n be 138/d + (-7)/(-35). What is the highest common factor of n and 56?
14
Let z be -19 - -15 - (0 + -68). Let c = -1417 - -1433. Calculate the highest common divisor of c and z.
16
Let a(f) = 57*f + 7729. Let z be a(-133). What is the greatest common divisor of z and 4181?
37
Let x = 10976 - 10352. Calculate the highest common divisor of 494 and x.
26
Suppose 9*x - 226 = 12626. Let v = x - 959. Calculate the greatest common divisor of v and 67.
67
Suppose 756 = 2*x + 5*l, -3*x - 2*l = -5*l - 1134. Let c be (-44510)/(-17804)*(3 + -2 + -25)/(20/(-14)). What is the greatest common divisor of c and x?
42
Let m = -55 + 55. Suppose m = 3*n - 2*h + 53 - 283, 3*h - 162 = -2*n. Let u = 133 - n. What is the highest common factor of 11 and u?
11
Let o = -14361 - -14381. What is the greatest common factor of 3340 and o?
20
Let l = 10316 - 9988. What is the greatest common divisor of 4838 and l?
82
Let k(w) = -17*w**2 - 533*w + 41. Let u be k(-21). Calculate the highest common divisor of 404 and u.
101
Suppose -4442 = -14*l - 1376. Let u = -212 + l. What is the greatest common factor of 28 and u?
7
Suppose 682*t = 678*t + 9912. Calculate the greatest common divisor of 56 and t.
14
Suppose 7*u - 626 - 326 = 0. Suppose 4*d + 22 + 12 = -5*y, 0 = 2*d + 4*y + 20. Let p = d - -23. Calculate the greatest common divisor of u and p.
17
Suppose -4*c - 137 + 533 = 2*c. What is the greatest common factor of 2904 and c?
66
Suppose -33 = 15*m - 12*m - 93. Let a be (30/(-9))/(1/(-3)). Calculate the highest common divisor of a and m.
10
Let r be ((-3)/4)/((-12)/(-288)). Let b = 3 - r. Let l be (b + 330)*1/3. Calculate the greatest common factor of 13 and l.
13
Let x(j) = 25*j - 31. Let q be x(10). Let m = q + -167. Calculate the greatest common factor of 78 and m.
26
Let t(p) = -738*p - 234. Let s be t(17). Let w be 18/(-2) - s/71. What is the greatest common divisor of 95 and w?
19
Let q be -42*((-4)/(-12)*3)/(-1). Let t = -24 - -25. Let m be (t/2)/((-3)/(-36)). What is the highest common divisor of q and m?
6
Suppose 0 = 16*j - 12*j + 424. Let o = j + 108. Suppose 27 + 105 = o*g. Calculate the highest common divisor of 22 and g.
22
Suppose 29*v - 2*v = -7*v + 44574. Calculate the greatest common divisor of v and 171.
57
Let v be 517*1 - (7 + -11 - -17). Calculate the greatest common divisor of v and 6720.
168
Suppose -1257 = 14*u + 647. Let h be u/102*(-6)/4. Calculate the greatest common factor of 86 and h.
2
Suppose x = 5, -x = 3*o + 2*x + 3. Let u be 0 - 28/(-5) - o/15. Let f be 13 + 6*(-1 - (-3)/u). Calculate the greatest common factor of f and 1.
1
Suppose u - 14 = -5*p, -p - 3*u = -5*u + 6. Suppose -50*j + 8*j = 0. Suppose j = p*o - o - 16. What is the highest common divisor of 176 and o?
16
Let j be 6*(2 + 14) + -2 + 1. Suppose -j - 385 = -5*r. Calculate the highest common divisor of 336 and r.
48
Let b(s) = 2*s**2 + 4*s + 2. Let n be b(-2). Suppose 0 = -3*f - n*f + 145. Calculate the greatest common divisor of f and 145.
29
Suppose -58*a = 1669 - 18373. Calculate the greatest common factor of a and 1224.
72
Suppose -19*y = -24*y + j + 401, -j + 409 = 5*y. Calculate the greatest common divisor of 24 and y.
3
Let h be ((-84)/15)/(-4 - 88/(-20)). Let y = -4 - h. What is the highest common factor of 250 and y?
10
Let l(d) = -d**3 - 6*d**2 + 16*d - 1. Let q be l(-8). Let s(n) = -36*n**3 - 3*n**2 - 2*n + 1. Let m be s(q). Calculate the greatest common factor of m and 54.
18
Suppose 2*y + 11*r - 39 = 14*r, 4*r + 58 = 3*y. What is the greatest common factor of 1026 and y?
18
Suppose 419 = o - 3*z, -842 = -15*o + 13*o + 4*z. Calculate the highest common factor of o and 187.
17
Let h = 48 + -43. Suppose 4*f - 2*g = 40, 2*f + g = h + 19. What is the highest common factor of 77 and f?
11
Let p = -620 - -900. Suppose 9*v - 173 = -5*g, -9*v + 10*v + 203 = 5*g. Calculate the highest common divisor of g and p.
40
Suppose -144 = -30*o + 36. Let i(l) = -l**3 + 5*l**2 + 7*l - 8. Let j be i(5). What is the greatest common divisor of j and o?
3
Suppose 2*h - 5*h - 9 = 0. Let f be h/(10/65 - 121/533). Suppose -g - f + 437 = 0. What is the greatest common divisor of 36 and g?
36
Let n be (751 - 12) + (-9)/21*-7. Calculate the greatest common divisor of n and 318.
106
Let w = -210 - -220. Suppose -w*z + 5*z = -160. What is the greatest common divisor of 80 and z?
16
Let i = 1198 - 1161. Calculate the greatest common factor of 148 and i.
37
Let l(z) = 8*z**2 + 300*z - 252. Let c be l(-39). Calculate the greatest common divisor of 279 and c.
9
Let j be 478 + 5 - (2 + 0 + -2). Let f(m) = -m**3 + 11*m**2 - m - 45. Let i be f(4). What is the highest common factor of i and j?
21
Let r be 45/(-2 + 7) + 183. Calculate the greatest common divisor of 132 and r.
12
Let n(m) = -29*m + 3. Let x be n(-3). Suppose 13*a - x = 8*a. Let k = a + 46. Calculate the highest common divisor of k and 8.
8
Let o be (9/(108/728))/(3/837). Calculate the greatest common divisor of o and 217.
217
Let h(o) = -o + 17. Let t be h(7). Let x be (-1)/(-1 - (-27)/30). Let g be 216/x + (-6)/t. Calculate the greatest common divisor of g and 42.
21
Let z be (-2576)/(-8) - (-4 - -9). Let b = 442 - z. Calculate the greatest common factor of b and 150.
25
Suppose -4*b + 12 = -3*w, 2*w + 3*w + 9 = 3*b. Suppose w = -29*c + 21*c + 528. Calculate the greatest common factor of 594 and c.
66
Let p = 200 - 140. Let k(n) = -n - 23. Let i be k(-25). Let c(m) = 2*m**3 - 2*m**2 + m + 2. Let s be c(i). What is the highest common factor of p and s?
12
Suppose 7*t = -437 - 81. Let l = -73 - t. Let c be 3/(-2) + l - 46/(-4). Calculate the highest common factor of c and 55.
11
Suppose -1261*p - 5*m = -1260*p - 122, 2*m + 400 = 4*p. Suppose 3*k = 5*q - 844, 0 = -2*q - 0*q + k + 338. Calculate the highest common divisor of q and p.
34
Let s(c) = c**2 + 30*c - 31. Let d be s(25). Suppose 0 = -37*q + 45*q - d. Calculate the highest common divisor of q and 48.
24
Let l(m) = 7*m**2 - 18*m - 39. Let v be l(12). Let k = v + -717. Calculate the highest common factor of 342 and k.
18
Let l be 0/(-4) - -85 - 6. Suppose 0 = l*j - 72*j - 420. Calculate the highest common divisor of 340 and j.
20
Let l = -15 - -92. Let u = 45684 + -45596. What is the greatest common factor of l and u?
11
Let m(b) be the second derivative of b**5/10 + b**4/4 - b**3/3 + 43*b. Let h be m(2). Calculate the greatest common factor of h and 6.
6
Suppose -253*k = 118*k + 45*k - 83200. Let m(x) = 2*x**2 - 8*x 